e
Is 1087377653 prime?
True
Is 424293539 prime?
True
Is 2241420983 composite?
True
Is 2738011051 a prime number?
True
Is 205540431641 a prime number?
True
Is 37489531739 composite?
True
Is 9321909589 a prime number?
True
Is 54664007 prime?
False
Is 6331448153 composite?
True
Is 138049301 composite?
True
Is 11059514177 prime?
False
Is 5158942171 a composite number?
False
Is 198876440335 composite?
True
Is 127950103 prime?
True
Is 21031713697 a composite number?
True
Is 381967841 prime?
True
Is 145745009 a composite number?
False
Is 150792181 a composite number?
True
Is 1269755101 a composite number?
True
Is 674427683 a composite number?
True
Is 32840539519 composite?
True
Is 92526223409 prime?
True
Is 14779718997 prime?
False
Is 1160934373 prime?
True
Is 10257365227 a prime number?
False
Is 16684004227 a prime number?
False
Is 11835551669 a composite number?
True
Is 176014819 composite?
False
Is 3304151147 a composite number?
True
Is 23511295991 a composite number?
False
Is 1135789621 a prime number?
False
Is 31350347293 composite?
False
Is 3075406207 prime?
False
Is 5116832491 composite?
False
Is 199123013413 prime?
True
Is 4798293657 composite?
True
Is 306749155 prime?
False
Is 13139313697 composite?
False
Is 63761725463 composite?
False
Is 2307530081 prime?
True
Is 95791740349 a prime number?
True
Is 9760057991 a composite number?
False
Is 8860216529 a composite number?
False
Is 722634337 a composite number?
True
Is 166503397327 prime?
True
Is 7005092593 composite?
True
Is 5825097911 prime?
False
Is 67733391937 a composite number?
True
Is 4478085893 composite?
True
Is 65771259403 prime?
True
Is 14269323227 a prime number?
False
Is 288295801 composite?
True
Is 7979515849 a composite number?
False
Is 146309992909 composite?
False
Is 27438447037 composite?
False
Is 49714073041 a prime number?
False
Is 73318429 a composite number?
True
Is 72689833 composite?
True
Is 9006712349 composite?
False
Is 6728890573 a prime number?
False
Is 26846191963 a composite number?
False
Is 10080951289 prime?
True
Is 124308661 a composite number?
True
Is 2479621169 a prime number?
False
Is 19690987517 prime?
True
Is 6069304979 composite?
True
Is 4307576974 prime?
False
Is 9100314845 a composite number?
True
Is 4205711929 composite?
False
Is 11882609657 a prime number?
True
Is 282439 a prime number?
True
Is 8692331749 composite?
True
Is 818890287 prime?
False
Is 2638939749 a composite number?
True
Is 218932734341 a composite number?
False
Is 2326060363 a composite number?
True
Is 119475157 a prime number?
False
Is 60021682691 a prime number?
True
Is 2554786623 a composite number?
True
Is 2278379699 composite?
True
Is 204839161 a composite number?
True
Is 8230004551 composite?
True
Is 72467056073 a composite number?
False
Is 349117801 a prime number?
False
Is 4923862511 composite?
True
Is 50092512563 a prime number?
True
Is 236268008383 a prime number?
False
Is 92397919 composite?
False
Is 4730920543 composite?
False
Is 14194459117 a composite number?
False
Is 383523809 composite?
False
Is 1124192603 composite?
False
Is 4745040301 prime?
True
Is 145461015421 a prime number?
True
Is 2265714421 composite?
False
Is 1756638509 a prime number?
False
Is 1339597345 a composite number?
True
Is 2852506931 a composite number?
False
Is 1598234657 composite?
True
Is 5240336259 a prime number?
False
Is 567367451 composite?
True
Is 995873183 a composite number?
False
Is 26809723 a composite number?
False
Is 75078296261 a prime number?
True
Is 1309196173 a composite number?
True
Is 3268839281 composite?
True
Is 2111382553 composite?
True
Is 21073633813 composite?
False
Is 23839225417 a composite number?
True
Is 6467961187 prime?
True
Is 170709360559 a prime number?
False
Is 1810152521 composite?
True
Is 99785044243 a composite number?
True
Is 6334893811 a prime number?
True
Is 16780937623 a prime number?
True
Is 248141141 composite?
True
Is 190252091 a prime number?
True
Is 142574185874 a composite number?
True
Is 26524259353 a prime number?
False
Is 4191774857 a composite number?
False
Is 72215536441 composite?
True
Is 1306902119 composite?
False
Is 17159699 prime?
False
Is 1949571257 a prime number?
False
Is 27301627585 a composite number?
True
Is 275874091 composite?
True
Is 7764083237 a composite number?
False
Is 113721066199 a prime number?
False
Is 2859947269 composite?
True
Is 25750675789 a prime number?
True
Is 11306981123 a prime number?
False
Is 709681927 a prime number?
True
Is 177409387 prime?
True
Is 78743603 prime?
False
Is 11508129569 composite?
True
Is 5928473981 a composite number?
True
Is 18435714641 prime?
True
Is 73511651 a composite number?
True
Is 2166688963 a prime number?
True
Is 21097628273 composite?
True
Is 78427605089 a prime number?
False
Is 298509088117 prime?
True
Is 153180067 prime?
True
Is 19880052035 a prime number?
False
Is 333654821 a composite number?
False
Is 99455981 composite?
False
Is 2575267621 a composite number?
False
Is 1625348213 composite?
False
Is 8066145613 prime?
False
Is 69322130623 prime?
True
Is 1981982087 prime?
True
Is 24912577663 a composite number?
False
Is 3111088741 composite?
False
Is 386633041 prime?
True
Is 3955812997 a composite number?
False
Is 25915562167 a composite number?
True
Is 837588073 a composite number?
True
Is 10254082193 composite?
True
Is 3528055753 a prime number?
False
Is 4387703731 prime?
True
Is 8703435703 prime?
True
Is 42729609929 a prime number?
False
Is 42384804871 composite?
False
Is 114779462737 a composite number?
False
Is 4381842227 prime?
False
Is 2035579639 composite?
True
Is 2108750029 a prime number?
True
Is 2311424441 composite?
False
Is 7452255809 prime?
True
Is 6760778021 composite?
True
Is 76396321579 prime?
True
Is 1374076451 a prime number?
False
Is 4606826677 prime?
True
Is 106065463 composite?
True
Is 3262044131 composite?
False
Is 24514810073 composite?
True
Is 508059119 composite?
False
Is 201527701 a composite number?
True
Is 508678421 composite?
False
Is 9371788667 a prime number?
False
Is 12818012599 a composite number?
True
Is 39679202203 composite?
False
Is 30758439629 a prime number?
True
Is 665000731 prime?
False
Is 4798335029 prime?
True
Is 24599289881 prime?
True
Is 43386244519 prime?
True
Is 195448627 composite?
True
Is 526922251 a prime number?
True
Is 246565871 prime?
True
Is 9122348747 composite?
False
Is 676195418 prime?
False
Is 288294247 composite?
True
Is 33677383463 a prime number?
False
Is 5038474409 prime?
False
Is 3082920887 a prime number?
True
Is 82955702831 prime?
True
Is 2823683549 composite?
True
Is 2720998183 a composite number?
True
Is 38511507473 a composite number?
True
Is 2217698167 a prime number?
False
Is 3333702299 composite?
False
Is 93443244371 a composite number?
True
Is 1249292353 composite?
False
Is 12967829723 composite?
True
Is 25456764043 composite?
True
Is 24604414423 prime?
False
Is 434178301 composite?
False
Is 1935527177 composite?
False
Is 7189212203 a prime number?
True
Is 409019287 a composite number?
True
Is 155306795803 a prime number?
True
Is 6196158959 prime?
True
Is 20200932647 prime?
False
Is 14315958829 a prime number?
True
Is 873990853 composite?
False
Is 10664234149 a composite number?
True
Is 18680979487 a composite number?
False
Is 140647747391 a composite number?
True
Is 678446231 a composite number?
True
Is 59421600347 a composite number?
True
Is 14714761169 prime?
True
Is 20350938721 a prime number?
True
Is 966425189 prime?
False
Is 4932036187 a prime number?
False
Is 20849164277 a composite number?
False
Is 3413718757 prime?
True
Is 4806299 a prime number?
True
Is 848802439 a prime number?
True
Is 36904092557 composite?
True
Is 4906433407 a composite number?
False
Is 40283868509 a prime number?
True
Is 559496381 prime?
True
Is 468547649 a prime number?
False
Is 659118329 prime?
False
Is 10807449311 a composite number?
False
Is 527465347 composite?
True
Is 1680740357 prime?
True
Is 20225463229 prime?
True
Is 4266298429 a composite number?
True
Is 2875469501 a composite number?
False
Is 2528055191 prime?
False
Is 1024783211 a prime number?
True
Is 27116180849 a composite number?
False
Is 754099483 composite?
False
Is 3552444037 a prime number?
False
Is 274685597 composite?
True
Is 1812213587 composite?
True
Is 217